eatest common factor of s and y.
12
Suppose 0 = 4*j - k - 935, -234*k + 715 = 3*j - 232*k. Calculate the greatest common factor of j and 188.
47
Let g(m) = -2*m**3 + 81*m**2 + m + 99. Let c be g(40). Let p = c + -1673. Let d = -227 - -392. What is the greatest common factor of d and p?
33
Let v = -7713 - -7737. Let s = 282 - 154. What is the greatest common factor of s and v?
8
Let y = -2022 - -2147. What is the highest common factor of 5 and y?
5
Let s = -23252 - -34586. Calculate the greatest common divisor of s and 12.
6
Let f(k) = k - 4. Let a be f(8). Let b be (18/3)/(6/a). Suppose 13*i - 149 - 423 = 0. What is the greatest common divisor of b and i?
4
Let w(j) = 10*j + 10. Let x be w(3). Let n be x + -41 - (0 + -205). What is the greatest common factor of n and 12?
12
Let a(b) = 22*b**2 + 53*b - 495. Let c be a(9). Calculate the highest common factor of c and 72.
36
Let c(f) = -2480*f - 163. Let i be c(-1). What is the highest common factor of 7 and i?
7
Let c(q) = -10*q**3 + q**2 - 2*q + 1. Let o be c(-3). Suppose -4*z + 2*z = -18. Suppose 0*f - z*f = -234. What is the highest common factor of o and f?
26
Let q = -305 + 435. Let r = -1990 + 2020. What is the greatest common factor of r and q?
10
Let s = 3 - 1. Suppose -9*w = 31*w + 21*w. Suppose w = 4*g - 5*u + u - 16, u = -s. What is the highest common factor of 16 and g?
2
Let r be 41 - 10 - (7/(-35) + 82/10). What is the greatest common factor of r and 6256?
23
Let o(q) = 3*q**2 + 13*q - 64. Let c be o(-21). Calculate the highest common factor of c and 58.
58
Suppose 4*m + 4790 = d + 18369, 9*d - 45 = 0. What is the greatest common factor of m and 12?
12
Let b be -7*-218*186/84. What is the highest common factor of b and 93?
31
Let t be (-19)/(-76) - (-177)/12. Suppose -t = -10*v + 9*v. What is the greatest common divisor of 195 and v?
15
Suppose 0 = -o - o + 56. Suppose w - 89 - o = 4*b, 0 = -4*w + 2*b + 454. Let n = w - 63. What is the greatest common factor of n and 10?
10
Let j be ((-1)/(27/(-126)))/((32/(-156))/(-4)). What is the greatest common factor of 336 and j?
7
Suppose 3*y - 17*v - 327 = -13*v, v = -3*y + 297. What is the highest common factor of 1717 and y?
101
Let u = -14 - -18. Suppose 2*n + p + 77 = u*n, -4*n + p + 149 = 0. Calculate the highest common divisor of n and 72.
36
Suppose 2*q = -10*p + 6*p + 952, 2*q + 458 = 2*p. What is the greatest common divisor of p and 3901?
47
Let s(z) = 10*z**2 - 17 - z + z + z**3 + 6*z + 0*z. Let j be s(-9). What is the greatest common factor of j and 65?
5
Suppose 92*q + 15195 - 86557 = 49158. What is the highest common factor of 60 and q?
10
Let d be (42/(-8))/(-10*6/800). Calculate the greatest common factor of d and 15645.
35
Let c = 3112 - 2020. What is the highest common divisor of c and 315?
21
Let a(z) = 3*z + 5. Let g be a(0). Let k(q) = -q + 7. Let t be k(g). What is the greatest common divisor of t and 8?
2
Let z be (-119)/(-4) - 6/(-24). Let j be -2*2 + z + -22. Suppose -j*p - 660 = -10*p. Calculate the greatest common factor of p and 10.
10
Let i(h) = 321*h**2 + 4. Let u be i(-3). Calculate the highest common divisor of u and 22.
11
Let d(o) = -o**3 - 14*o**2 + 94*o + 851. Let n be d(-17). Let q(c) = -c**3 - 2*c**2 + 5*c + 3. Let u be q(-4). Calculate the highest common factor of u and n.
15
Suppose -2*h - 5*w + 23 = -3*h, w = 3*h - 1. Suppose -2*v - 358 = -5*v - h*y, -2*y = 2. Calculate the highest common factor of v and 24.
24
Suppose 1399*n - 1440 = 1359*n. What is the greatest common factor of n and 144?
36
Let x be (12/9 - 2)*-60. Suppose d = 5*d - x. Let y(w) = 5*w**2 - 20*w + 40. Let i be y(4). Calculate the greatest common divisor of d and i.
10
Let n = 127 + -121. Let w be (-25)/(-15) + 1772/n. Calculate the highest common divisor of w and 27.
27
Let m be (-6 - -36) + 2/1. Suppose -w + 24 = -i, -75*w + 80*w - 120 = -2*i. What is the highest common divisor of w and m?
8
Let u(p) = -p**3 - 7*p**2 - 55. Let l(w) = -3*w**2 - 22*w - 15. Let s be l(-7). Let r be u(s). Calculate the highest common factor of r and 207.
9
Let k(s) = -s - 9. Let m be k(-25). Let z(i) = i**2 + 7*i - 8. Let l be z(-8). Let j be 8*(-8)/(l - 1). What is the highest common factor of j and m?
16
Suppose 0 = -2*o - 0 + 2. Let s be (-16)/(-18) - (-350)/126 - (-8)/(-12). What is the greatest common factor of s and o?
1
Suppose -5*h + 15 = 0, -2*q - q = 4*h - 108057. What is the greatest common divisor of 21 and q?
21
Let o be 1*((-6 - -1) + 10). Let t be 29 - (o - (3 + -2)). Calculate the highest common factor of t and 175.
25
Let s be ((-4)/5)/2*8550/(-10 - -5). What is the greatest common divisor of 399 and s?
57
Suppose 0 = -3*c + 78 + 102. Let y(p) = 19*p + 48. Let n be y(-5). Let o = 87 + n. What is the greatest common factor of c and o?
20
Let v be 7 + (-920 + -1 - 2). Let k = v + 934. What is the greatest common factor of k and 2?
2
Let t be (-70 - -52)/((-5)/110) + 11. Suppose -21 - 34 = -5*l. What is the highest common divisor of t and l?
11
Let q(c) = 7*c**2 + 2*c - 2. Let d be q(-3). Suppose 2*y = 4*v + 4, 3*v - d = -5*y - 2*v. Let p = 9396 + -9308. Calculate the greatest common factor of p and y.
8
Let r = -745 - -783. Suppose -r*k = -35*k - 54. Calculate the highest common factor of 684 and k.
18
Suppose -i - i = -62. Let p(v) = -v**2 + 30*v + 34. Let m be p(i). Let h be (-2 + 1)/(4/(-60)). What is the greatest common divisor of h and m?
3
Suppose 0 = -0*c + 16*c + 18*c - 38726. What is the greatest common divisor of c and 119?
17
Suppose -26*m = -5*m - 7224. Let n = 350 - m. What is the greatest common factor of n and 69?
3
Let m = 240 - 95. Let t be (-138)/5 + (-58)/m. Let p = -19 - t. Calculate the greatest common factor of p and 18.
9
Let f be ((-2310)/44)/15*-1290. Calculate the highest common divisor of f and 315.
105
Let t = 7618 - 7512. What is the highest common divisor of 1696 and t?
106
Suppose -f + 6*k + 56 = 11*k, -4*f - 5*k = -224. Suppose -3*x = -u - 127, x + 51*u - f*u = 47. What is the highest common divisor of x and 735?
21
Let b = 32 - 24. Suppose -b*m + 41 + 79 = 0. Calculate the greatest common factor of 3 and m.
3
Let g(t) = 0*t**2 + 0*t**2 + 2 - 96*t - t**2 - t**3 + 95*t. Let c be g(0). Let d be c*(-52)/24*-3. What is the highest common divisor of d and 13?
13
Suppose -27*q - 221 = -28*q. Let p be ((-4)/(-20))/((-1016)/1020 - -1). What is the greatest common divisor of q and p?
17
Let o(s) = 6*s + 40. Let c(m) = 13*m + 83. Let q(u) = -2*c(u) + 5*o(u). Let t be q(3). Suppose -4*a - 115 = -9*a. What is the highest common factor of t and a?
23
Suppose 14*s - 8237 + 298 = 531. What is the greatest common divisor of s and 1936?
121
Suppose 85*r - 9900 = 10*r. Calculate the greatest common divisor of 27588 and r.
132
Suppose -2*x + 6*x - 24 = -4*z, -5*x = -4*z + 6. Suppose 1436 = 4*r - 8*d + 10*d, 0 = -2*r - z*d + 730. What is the greatest common divisor of 21 and r?
21
Suppose -f - 101*j = -106*j - 52, -2*f + 164 = 5*j. Let c be (-8625)/(-90) + (-1)/(-6). Calculate the highest common divisor of f and c.
24
Suppose -2*s - 51 = -55. Let c be (s + (-44)/12)*-63*1. Let t be (-15)/(-10) - c/(-6). Calculate the highest common factor of t and 95.
19
Let s(g) = -2*g**2 + 7*g + 262. Let f be s(12). Calculate the highest common divisor of f and 2494.
58
Let l = -26 - -44. Suppose -2*h + 630 = -3*f, 0 = 7*h - 4*h + 2*f - 906. What is the highest common factor of l and h?
18
Suppose -3*j = 4*v + v + 1787, -2*v = j + 715. Let a = 412 + v. Calculate the highest common divisor of 27 and a.
27
Suppose 0 = -9*c + 10 + 26. Suppose c*k = -4*p - k + 53, -4*p + k + 23 = 0. What is the greatest common divisor of p and 7?
7
Let g be (-5)/((-5)/(-1)) + -383. Let k be (-1 + 0)/(12/g). Let q = k - 18. Calculate the greatest common divisor of 35 and q.
7
Let y = -915 + 773. Let p be (-836)/(-26) + y/923. What is the highest common divisor of p and 1184?
32
Let f(r) be the first derivative of -r**4/4 - r**3/3 + 29*r**2/2 - 18*r - 73. Let g be f(-8). Calculate the greatest common divisor of 22 and g.
22
Let s(g) = -46*g**2 - 240*g + 6. Let d be s(-5). What is the highest common divisor of d and 248?
8
Suppose 0 = -3*t + 2*m + 647, 4*m + m + 641 = 3*t. What is the highest common divisor of t and 175?
7
Let h(a) be the first derivative of 2